[INFO] cloning repository https://github.com/Jorch72/kristforge
[INFO] running `Command { std: "git" "-c" "credential.helper=" "-c" "credential.helper=/workspace/cargo-home/bin/git-credential-null" "clone" "--bare" "https://github.com/Jorch72/kristforge" "/workspace/cache/git-repos/https%3A%2F%2Fgithub.com%2FJorch72%2Fkristforge", kill_on_drop: false }`
[INFO] [stderr] Cloning into bare repository '/workspace/cache/git-repos/https%3A%2F%2Fgithub.com%2FJorch72%2Fkristforge'...
[INFO] running `Command { std: "git" "rev-parse" "HEAD", kill_on_drop: false }`
[INFO] [stdout] 047e7f587c0770713e0a2873d2fe40b0a431725d
[INFO] checking Jorch72/kristforge against try#72f88fc4e9458f89516a0b8b0868f3718aec5b47 for pr-74989
[INFO] running `Command { std: "git" "clone" "/workspace/cache/git-repos/https%3A%2F%2Fgithub.com%2FJorch72%2Fkristforge" "/workspace/builds/worker-4/source", kill_on_drop: false }`
[INFO] [stderr] Cloning into '/workspace/builds/worker-4/source'...
[INFO] [stderr] done.
[INFO] validating manifest of git repo https://github.com/Jorch72/kristforge on toolchain 72f88fc4e9458f89516a0b8b0868f3718aec5b47
[INFO] running `Command { std: "/workspace/cargo-home/bin/cargo" "+72f88fc4e9458f89516a0b8b0868f3718aec5b47" "read-manifest" "--manifest-path" "Cargo.toml", kill_on_drop: false }`
[INFO] started tweaking git repo https://github.com/Jorch72/kristforge
[INFO] finished tweaking git repo https://github.com/Jorch72/kristforge
[INFO] tweaked toml for git repo https://github.com/Jorch72/kristforge written to /workspace/builds/worker-4/source/Cargo.toml
[INFO] crate git repo https://github.com/Jorch72/kristforge already has a lockfile, it will not be regenerated
[INFO] running `Command { std: "/workspace/cargo-home/bin/cargo" "+72f88fc4e9458f89516a0b8b0868f3718aec5b47" "fetch" "--locked" "--manifest-path" "Cargo.toml", kill_on_drop: false }`
[INFO] [stderr]  Downloading crates ...
[INFO] [stderr]   Downloaded structopt-derive v0.2.12
[INFO] [stderr]   Downloaded encoding_rs v0.8.10
[INFO] [stderr]   Downloaded native-tls v0.2.1
[INFO] [stderr]   Downloaded ascii_tree v0.1.1
[INFO] [stderr]   Downloaded qutex v0.2.1
[INFO] [stderr]   Downloaded ocl-extras v0.1.1
[INFO] [stderr]   Downloaded cl-sys v0.4.1
[INFO] [stderr]   Downloaded ws v0.7.8
[INFO] [stderr]   Downloaded structopt v0.2.12
[INFO] [stderr]   Downloaded ocl-core v0.10.0
[INFO] [stderr]   Downloaded reqwest v0.9.2
[INFO] [stderr]   Downloaded ocl v0.19.1
[INFO] [stderr]   Downloaded openssl v0.10.12
[INFO] [stderr]   Downloaded hyper v0.12.11
[INFO] running `Command { std: "docker" "create" "-v" "/var/lib/crater-agent-workspace/builds/worker-4/target:/opt/rustwide/target:rw,Z" "-v" "/var/lib/crater-agent-workspace/builds/worker-4/source:/opt/rustwide/workdir:ro,Z" "-v" "/var/lib/crater-agent-workspace/cargo-home:/opt/rustwide/cargo-home:ro,Z" "-v" "/var/lib/crater-agent-workspace/rustup-home:/opt/rustwide/rustup-home:ro,Z" "-e" "SOURCE_DIR=/opt/rustwide/workdir" "-e" "CARGO_TARGET_DIR=/opt/rustwide/target" "-e" "CARGO_HOME=/opt/rustwide/cargo-home" "-e" "RUSTUP_HOME=/opt/rustwide/rustup-home" "-w" "/opt/rustwide/workdir" "-m" "1610612736" "--user" "0:0" "--network" "none" "rustops/crates-build-env@sha256:d92eaeed33fa75130ca1ee6c8a01d1ffb62bac859dfdfb3450e3e5d1c0146529" "/opt/rustwide/cargo-home/bin/cargo" "+72f88fc4e9458f89516a0b8b0868f3718aec5b47" "metadata" "--no-deps" "--format-version=1", kill_on_drop: false }`
[INFO] [stdout] 024740e0d10fc05b1af7b31094eff5e03795000e09defb5398d859ab79b8a920
[INFO] [stderr] WARNING: Your kernel does not support swap limit capabilities or the cgroup is not mounted. Memory limited without swap.
[INFO] running `Command { std: "docker" "start" "-a" "024740e0d10fc05b1af7b31094eff5e03795000e09defb5398d859ab79b8a920", kill_on_drop: false }`
[INFO] running `Command { std: "docker" "inspect" "024740e0d10fc05b1af7b31094eff5e03795000e09defb5398d859ab79b8a920", kill_on_drop: false }`
[INFO] running `Command { std: "docker" "rm" "-f" "024740e0d10fc05b1af7b31094eff5e03795000e09defb5398d859ab79b8a920", kill_on_drop: false }`
[INFO] [stdout] 024740e0d10fc05b1af7b31094eff5e03795000e09defb5398d859ab79b8a920
[INFO] running `Command { std: "docker" "create" "-v" "/var/lib/crater-agent-workspace/builds/worker-4/target:/opt/rustwide/target:rw,Z" "-v" "/var/lib/crater-agent-workspace/builds/worker-4/source:/opt/rustwide/workdir:ro,Z" "-v" "/var/lib/crater-agent-workspace/cargo-home:/opt/rustwide/cargo-home:ro,Z" "-v" "/var/lib/crater-agent-workspace/rustup-home:/opt/rustwide/rustup-home:ro,Z" "-e" "SOURCE_DIR=/opt/rustwide/workdir" "-e" "CARGO_TARGET_DIR=/opt/rustwide/target" "-e" "CARGO_INCREMENTAL=0" "-e" "RUST_BACKTRACE=full" "-e" "RUSTFLAGS=--cap-lints=forbid" "-e" "CARGO_HOME=/opt/rustwide/cargo-home" "-e" "RUSTUP_HOME=/opt/rustwide/rustup-home" "-w" "/opt/rustwide/workdir" "-m" "1610612736" "--user" "0:0" "--network" "none" "rustops/crates-build-env@sha256:d92eaeed33fa75130ca1ee6c8a01d1ffb62bac859dfdfb3450e3e5d1c0146529" "/opt/rustwide/cargo-home/bin/cargo" "+72f88fc4e9458f89516a0b8b0868f3718aec5b47" "check" "--frozen" "--all" "--all-targets" "--message-format=json", kill_on_drop: false }`
[INFO] [stderr] WARNING: Your kernel does not support swap limit capabilities or the cgroup is not mounted. Memory limited without swap.
[INFO] [stdout] 69867164c17cc5bcaf4914e8dac3fc0acd5fb3f3d080f4c1a428a87ad78ee354
[INFO] running `Command { std: "docker" "start" "-a" "69867164c17cc5bcaf4914e8dac3fc0acd5fb3f3d080f4c1a428a87ad78ee354", kill_on_drop: false }`
[INFO] [stderr]     Checking libc v0.2.43
[INFO] [stderr]    Compiling version_check v0.1.5
[INFO] [stderr]     Checking cfg-if v0.1.5
[INFO] [stderr]     Checking futures v0.1.25
[INFO] [stderr]     Checking byteorder v1.2.6
[INFO] [stderr]     Checking rand_core v0.3.0
[INFO] [stderr]     Checking scopeguard v0.3.3
[INFO] [stderr]    Compiling semver-parser v0.7.0
[INFO] [stderr]    Compiling cc v1.0.25
[INFO] [stderr]     Checking crossbeam-utils v0.5.0
[INFO] [stderr]     Checking void v1.0.2
[INFO] [stderr]    Compiling num-traits v0.2.6
[INFO] [stderr]    Compiling proc-macro2 v0.4.20
[INFO] [stderr]     Checking stable_deref_trait v1.1.1
[INFO] [stderr]     Checking slab v0.4.1
[INFO] [stderr]     Checking nodrop v0.1.12
[INFO] [stderr]    Compiling unicode-xid v0.1.0
[INFO] [stderr]     Checking lazycell v1.2.0
[INFO] [stderr]     Checking either v1.5.0
[INFO] [stderr]    Compiling num-integer v0.1.39
[INFO] [stderr]     Checking memoffset v0.2.1
[INFO] [stderr]     Checking bitflags v1.0.4
[INFO] [stderr]    Compiling pkg-config v0.3.14
[INFO] [stderr]     Checking rustc-serialize v0.3.24
[INFO] [stderr]    Compiling num-iter v0.1.37
[INFO] [stderr]     Checking itoa v0.4.3
[INFO] [stderr]    Compiling siphasher v0.2.3
[INFO] [stderr]    Compiling semver v0.1.20
[INFO] [stderr]    Compiling failure_derive v0.1.2
[INFO] [stderr]    Compiling httparse v1.3.3
[INFO] [stderr]     Checking ucd-util v0.1.1
[INFO] [stderr]    Compiling typenum v1.10.0
[INFO] [stderr]    Compiling serde v1.0.79
[INFO] [stderr]     Checking rustc-demangle v0.1.9
[INFO] [stderr]    Compiling build_const v0.2.1
[INFO] [stderr]     Checking unicode-width v0.1.5
[INFO] [stderr]    Compiling openssl v0.10.12
[INFO] [stderr]    Compiling cl-sys v0.4.1
[INFO] [stderr]     Checking unicode-normalization v0.1.7
[INFO] [stderr]     Checking percent-encoding v1.0.1
[INFO] [stderr]    Compiling regex v1.0.5
[INFO] [stderr]    Compiling ryu v0.2.6
[INFO] [stderr]     Checking utf8-ranges v1.0.1
[INFO] [stderr]    Compiling native-tls v0.2.1
[INFO] [stderr]     Checking string v0.1.1
[INFO] [stderr]     Checking indexmap v1.0.1
[INFO] [stderr]     Checking crossbeam v0.3.2
[INFO] [stderr]    Compiling encoding_rs v0.8.10
[INFO] [stderr]    Compiling regex v0.2.11
[INFO] [stderr]     Checking lazy_static v0.2.11
[INFO] [stderr]     Checking byte-tools v0.3.0
[INFO] [stderr]     Checking dtoa v0.4.3
[INFO] [stderr]     Checking vec_map v0.8.1
[INFO] [stderr]     Checking ansi_term v0.11.0
[INFO] [stderr]     Checking safemem v0.3.0
[INFO] [stderr]     Checking strsim v0.7.0
[INFO] [stderr]     Checking adler32 v1.0.3
[INFO] [stderr]     Checking fake-simd v0.1.2
[INFO] [stderr]     Checking sha1 v0.6.0
[INFO] [stderr]     Checking opaque-debug v0.2.1
[INFO] [stderr]     Checking ascii_tree v0.1.1
[INFO] [stderr]     Checking log v0.4.5
[INFO] [stderr]     Checking unreachable v1.0.0
[INFO] [stderr]     Checking owning_ref v0.3.3
[INFO] [stderr]     Checking arrayvec v0.4.7
[INFO] [stderr]    Compiling semver v0.9.0
[INFO] [stderr]     Checking rand_core v0.2.2
[INFO] [stderr]     Checking futures-core-preview v0.2.3
[INFO] [stderr]    Compiling lazy_static v1.1.0
[INFO] [stderr]    Compiling unicase v1.4.2
[INFO] [stderr]    Compiling memchr v2.1.0
[INFO] [stderr]    Compiling unicase v2.2.0
[INFO] [stderr]     Checking regex-syntax v0.6.2
[INFO] [stderr]     Checking regex-syntax v0.5.6
[INFO] [stderr]     Checking iovec v0.1.2
[INFO] [stderr]     Checking num_cpus v1.8.0
[INFO] [stderr]     Checking net2 v0.2.33
[INFO] [stderr]     Checking rand v0.4.3
[INFO] [stderr]     Checking atty v0.2.11
[INFO] [stderr]     Checking time v0.1.40
[INFO] [stderr]     Checking termios v0.3.1
[INFO] [stderr]     Checking textwrap v0.10.0
[INFO] [stderr]    Compiling rustc_version v0.1.7
[INFO] [stderr]    Compiling crc v1.8.1
[INFO] [stderr]     Checking clicolors-control v0.2.0
[INFO] [stderr]     Checking block-padding v0.1.2
[INFO] [stderr]     Checking base64 v0.9.3
[INFO] [stderr]     Checking smallvec v0.6.5
[INFO] [stderr]     Checking rand v0.5.5
[INFO] [stderr]     Checking lock_api v0.1.4
[INFO] [stderr]     Checking futures-channel-preview v0.2.2
[INFO] [stderr]     Checking bytes v0.4.10
[INFO] [stderr]     Checking futures-io-preview v0.2.2
[INFO] [stderr]     Checking tokio-executor v0.1.5
[INFO] [stderr]     Checking want v0.0.6
[INFO] [stderr]     Checking qutex v0.2.1
[INFO] [stderr]    Compiling rustc_version v0.2.3
[INFO] [stderr]     Checking futures-cpupool v0.1.8
[INFO] [stderr]     Checking mio v0.6.16
[INFO] [stderr]     Checking clap v2.32.0
[INFO] [stderr]    Compiling openssl-sys v0.9.36
[INFO] [stderr]    Compiling backtrace-sys v0.1.24
[INFO] [stderr]     Checking idna v0.1.5
[INFO] [stderr]     Checking futures-sink-preview v0.2.2
[INFO] [stderr]     Checking tokio-timer v0.2.7
[INFO] [stderr]     Checking tokio-current-thread v0.1.3
[INFO] [stderr]    Compiling ocl-core v0.10.0
[INFO] [stderr]    Compiling quote v0.6.8
[INFO] [stderr]     Checking tokio-io v0.1.9
[INFO] [stderr]     Checking http v0.1.13
[INFO] [stderr]    Compiling parking_lot_core v0.3.1
[INFO] [stderr]     Checking num-complex v0.1.43
[INFO] [stderr]     Checking num-traits v0.1.43
[INFO] [stderr]     Checking futures-util-preview v0.2.2
[INFO] [stderr]     Checking mio-uds v0.6.7
[INFO] [stderr]     Checking mio-extras v2.0.5
[INFO] [stderr]     Checking generic-array v0.12.0
[INFO] [stderr]     Checking uuid v0.7.1
[INFO] [stderr]    Compiling phf_shared v0.7.23
[INFO] [stderr]     Checking url v1.7.1
[INFO] [stderr]     Checking crossbeam-epoch v0.5.2
[INFO] [stderr]     Checking thread_local v0.3.6
[INFO] [stderr]     Checking crossbeam-epoch v0.6.0
[INFO] [stderr]     Checking libflate v0.1.18
[INFO] [stderr]     Checking mime v0.3.9
[INFO] [stderr]     Checking enum_primitive v0.1.1
[INFO] [stderr]    Compiling syn v0.14.9
[INFO] [stderr]    Compiling syn v0.15.9
[INFO] [stderr]     Checking aho-corasick v0.6.8
[INFO] [stderr]     Checking num-bigint v0.1.44
[INFO] [stderr]     Checking tokio-codec v0.1.1
[INFO] [stderr]    Compiling phf_generator v0.7.23
[INFO] [stderr]     Checking phf v0.7.23
[INFO] [stderr]     Checking block-buffer v0.7.0
[INFO] [stderr]     Checking digest v0.8.0
[INFO] [stderr]     Checking crossbeam-deque v0.6.1
[INFO] [stderr]    Compiling phf_codegen v0.7.23
[INFO] [stderr]     Checking backtrace v0.3.9
[INFO] [stderr]     Checking sha2 v0.8.0
[INFO] [stderr]     Checking ws v0.7.8
[INFO] [stderr]    Compiling mime_guess v2.0.0-alpha.6
[INFO] [stderr]     Checking tokio-threadpool v0.1.7
[INFO] [stderr]     Checking parking_lot v0.6.4
[INFO] [stderr]     Checking futures-executor-preview v0.2.2
[INFO] [stderr]     Checking tokio-reactor v0.1.6
[INFO] [stderr]     Checking crossbeam-channel v0.2.6
[INFO] [stderr]     Checking futures-stable-preview v0.2.3
[INFO] [stderr]     Checking num-rational v0.1.42
[INFO] [stderr]     Checking h2 v0.1.12
[INFO] [stderr]     Checking futures-async-runtime-preview v0.2.3
[INFO] [stderr]     Checking futures-preview v0.2.2
[INFO] [stderr]     Checking tokio-uds v0.2.2
[INFO] [stderr]     Checking tokio-udp v0.1.2
[INFO] [stderr]     Checking tokio-tcp v0.1.2
[INFO] [stderr]     Checking num v0.1.42
[INFO] [stderr]     Checking tokio-fs v0.1.3
[INFO] [stderr]     Checking ocl-core-vector v0.1.0
[INFO] [stderr]     Checking tokio v0.1.11
[INFO] [stderr]     Checking console v0.6.2
[INFO] [stderr]     Checking indicatif v0.9.0
[INFO] [stderr]    Compiling synstructure v0.9.0
[INFO] [stderr]     Checking hyper v0.12.11
[INFO] [stderr]     Checking serde_urlencoded v0.5.3
[INFO] [stderr]     Checking serde_json v1.0.32
[INFO] [stderr]    Compiling structopt-derive v0.2.12
[INFO] [stderr]    Compiling serde_derive v1.0.79
[INFO] [stderr]     Checking structopt v0.2.12
[INFO] [stderr]     Checking hyper-tls v0.3.1
[INFO] [stderr]     Checking failure v0.1.2
[INFO] [stderr]     Checking reqwest v0.9.2
[INFO] [stderr]     Checking ocl v0.19.1
[INFO] [stdout] error[E0502]: cannot borrow `self.cmd.buffer.obj_core` as immutable because it is also borrowed as mutable
[INFO] [stdout]     --> /opt/rustwide/cargo-home/registry/src/github.com-1ecc6299db9ec823/ocl-0.19.1/src/standard/buffer.rs:1609:13
[INFO] [stdout]      |
[INFO] [stdout] 1606 |         let (offset, len, queue, flags, ewait, enew, /*is_mapped*/) = self.enq_details()?;
[INFO] [stdout]      |                                                                       ---- mutable borrow occurs here
[INFO] [stdout] ...
[INFO] [stdout] 1609 |             &self.cmd.buffer.obj_core, true, flags, offset, len, ewait, enew)?;
[INFO] [stdout]      |             ^^^^^^^^^^^^^^^^^^^^^^^^^ immutable borrow occurs here
[INFO] [stdout] ...
[INFO] [stdout] 1614 |             queue.clone()))
[INFO] [stdout]      |             ----- mutable borrow later used here
[INFO] [stdout] 
[INFO] [stdout] 
[INFO] [stdout] error[E0502]: cannot borrow `self.cmd.buffer.obj_core` as immutable because it is also borrowed as mutable
[INFO] [stdout]     --> /opt/rustwide/cargo-home/registry/src/github.com-1ecc6299db9ec823/ocl-0.19.1/src/standard/buffer.rs:1613:57
[INFO] [stdout]      |
[INFO] [stdout] 1606 |         let (offset, len, queue, flags, ewait, enew, /*is_mapped*/) = self.enq_details()?;
[INFO] [stdout]      |                                                                       ---- mutable borrow occurs here
[INFO] [stdout] ...
[INFO] [stdout] 1613 |         Ok(MemMap::new(mm_core, len, None, unmap_event, self.cmd.buffer.obj_core.clone(),
[INFO] [stdout]      |                                                         ^^^^^^^^^^^^^^^^^^^^^^^^ immutable borrow occurs here
[INFO] [stdout] 1614 |             queue.clone()))
[INFO] [stdout]      |             ----- mutable borrow later used here
[INFO] [stdout] 
[INFO] [stdout] 
[INFO] [stdout] error[E0502]: cannot borrow `self.cmd.buffer.obj_core` as immutable because it is also borrowed as mutable
[INFO] [stdout]     --> /opt/rustwide/cargo-home/registry/src/github.com-1ecc6299db9ec823/ocl-0.19.1/src/standard/buffer.rs:1635:13
[INFO] [stdout]      |
[INFO] [stdout] 1630 |         let (offset, len, queue, flags, ewait, enew, /*is_mapped*/) = self.enq_details()?;
[INFO] [stdout]      |                                                                       ---- mutable borrow occurs here
[INFO] [stdout] ...
[INFO] [stdout] 1635 |             &self.cmd.buffer.obj_core, false, flags, offset, len, ewait,
[INFO] [stdout]      |             ^^^^^^^^^^^^^^^^^^^^^^^^^ immutable borrow occurs here
[INFO] [stdout] ...
[INFO] [stdout] 1646 |             self.cmd.buffer.obj_core.clone(), queue.clone(), /*is_mapped*/))
[INFO] [stdout]      |                                               ----- mutable borrow later used here
[INFO] [stdout] 
[INFO] [stdout] 
[INFO] [stdout] error[E0502]: cannot borrow `self.cmd.buffer.obj_core` as immutable because it is also borrowed as mutable
[INFO] [stdout]     --> /opt/rustwide/cargo-home/registry/src/github.com-1ecc6299db9ec823/ocl-0.19.1/src/standard/buffer.rs:1646:13
[INFO] [stdout]      |
[INFO] [stdout] 1630 |         let (offset, len, queue, flags, ewait, enew, /*is_mapped*/) = self.enq_details()?;
[INFO] [stdout]      |                                                                       ---- mutable borrow occurs here
[INFO] [stdout] ...
[INFO] [stdout] 1646 |             self.cmd.buffer.obj_core.clone(), queue.clone(), /*is_mapped*/))
[INFO] [stdout]      |             ^^^^^^^^^^^^^^^^^^^^^^^^          ----- mutable borrow later used here
[INFO] [stdout]      |             |
[INFO] [stdout]      |             immutable borrow occurs here
[INFO] [stdout] 
[INFO] [stdout] 
[INFO] [stdout] error: aborting due to 4 previous errors
[INFO] [stdout] 
[INFO] [stdout] 
[INFO] [stdout] For more information about this error, try `rustc --explain E0502`.
[INFO] [stdout] 
[INFO] [stderr] error: could not compile `ocl`.
[INFO] [stderr] 
[INFO] [stderr] To learn more, run the command again with --verbose.
[INFO] running `Command { std: "docker" "inspect" "69867164c17cc5bcaf4914e8dac3fc0acd5fb3f3d080f4c1a428a87ad78ee354", kill_on_drop: false }`
[INFO] running `Command { std: "docker" "rm" "-f" "69867164c17cc5bcaf4914e8dac3fc0acd5fb3f3d080f4c1a428a87ad78ee354", kill_on_drop: false }`
[INFO] [stdout] 69867164c17cc5bcaf4914e8dac3fc0acd5fb3f3d080f4c1a428a87ad78ee354
